ultiple of 3?
False
Is 4 a factor of 172842116?
True
Is 57 a factor of 22145184?
True
Does 56 divide 56187656?
True
Is 63583245 a multiple of 705?
True
Does 16819 divide 3511386725?
True
Is 14572415 a multiple of 1157?
True
Is 273647748 a multiple of 66?
True
Is 52796976 a multiple of 472?
True
Does 77 divide 2378886356?
True
Does 119 divide 4552672131?
True
Does 28 divide 76876828?
True
Does 1207 divide 18013216?
False
Does 149 divide 66097294?
True
Is 164009660 a multiple of 10?
True
Does 13 divide 245295206?
True
Is 63 a factor of 325130718?
False
Is 31773176 a multiple of 5?
False
Is 80723328 a multiple of 177?
True
Is 19289432 a multiple of 74?
True
Is 479603802 a multiple of 66?
False
Does 5266 divide 71727188?
False
Does 31 divide 29020138?
False
Is 1061872893 a multiple of 374?
False
Is 57 a factor of 232000830?
True
Is 98 a factor of 3102015?
False
Is 2620 a factor of 52960680?
True
Is 607 a factor of 670821194?
True
Is 218 a factor of 1702171?
False
Does 2 divide 24180255?
False
Is 13678200 a multiple of 540?
True
Is 724 a factor of 89513912?
True
Is 417331428 a multiple of 311?
False
Is 5 a factor of 8891265?
True
Does 8 divide 78626336?
True
Does 2660 divide 348632900?
True
Does 15 divide 60258977?
False
Is 703 a factor of 328342171?
False
Does 1909 divide 435252?
True
Is 154 a factor of 223393189?
False
Is 16537495 a multiple of 13?
True
Is 4 a factor of 731635256?
True
Is 1054 a factor of 874047589?
False
Is 74 a factor of 533227202?
True
Is 25 a factor of 21232196?
False
Is 923 a factor of 239159872?
False
Does 5650 divide 162838650?
True
Does 379 divide 471842107?
False
Does 14 divide 92742?
False
Is 70 a factor of 2296280?
True
Does 132 divide 82951020?
False
Is 164366874 a multiple of 6?
True
Is 550 a factor of 90196150?
True
Does 130 divide 47745786?
False
Does 23 divide 1408819?
True
Is 97 a factor of 46723429?
False
Is 661 a factor of 673389829?
False
Is 63189056 a multiple of 4?
True
Is 164780757 a multiple of 1301?
True
Does 31 divide 7046492?
False
Is 261 a factor of 449356780?
False
Is 30364959 a multiple of 18?
False
Is 3104 a factor of 75023680?
True
Is 122519493 a multiple of 27?
True
Does 518 divide 15125082?
True
Does 156 divide 82505658?
False
Is 88 a factor of 754482726?
False
Is 8969327 a multiple of 94?
False
Is 346 a factor of 13338646?
True
Is 1399491880 a multiple of 8?
True
Does 7 divide 19786289?
False
Is 256260067 a multiple of 22?
False
Is 33 a factor of 828736293?
True
Is 20084104 a multiple of 1958?
False
Is 398 a factor of 2102200050?
False
Is 336 a factor of 659483?
False
Is 74 a factor of 20943411?
False
Is 20 a factor of 241034264?
False
Is 3296 a factor of 444858375?
False
Is 93 a factor of 220855937?
False
Does 3881 divide 47548942?
False
Is 19593248 a multiple of 17?
True
Is 6196651 a multiple of 51?
False
Does 117 divide 62973144?
True
Is 78 a factor of 452527920?
True
Is 36 a factor of 244941430?
False
Is 3126 a factor of 28162134?
True
Is 88 a factor of 202490024?
True
Is 719 a factor of 137411883?
False
Is 54 a factor of 694262718?
True
Does 260 divide 294311802?
False
Is 30364017 a multiple of 91?
False
Is 17803369 a multiple of 1799?
False
Is 253 a factor of 290129083?
False
Is 111232905 a multiple of 1496?
False
Does 107 divide 874108894?
True
Is 160 a factor of 12633760?
True
Does 54 divide 1557316459?
False
Does 2087 divide 890574364?
False
Is 203312538 a multiple of 22?
True
Is 721 a factor of 9677262?
True
Is 20504513 a multiple of 649?
False
Does 624 divide 653246880?
True
Does 822 divide 347036070?
True
Is 228924948 a multiple of 16?
False
Is 8 a factor of 214166280?
True
Is 74829834 a multiple of 9?
True
Does 49 divide 178731615?
False
Is 7329507 a multiple of 2?
False
Does 47 divide 86690842?
True
Is 502 a factor of 44149896?
True
Is 100947700 a multiple of 25?
True
Is 723033853 a multiple of 351?
False
Is 28366944 a multiple of 752?
True
Is 2901471362 a multiple of 160?
False
Is 123152 a multiple of 1869?
False
Is 551137604 a multiple of 5?
False
Does 251 divide 30684248?
True
Is 1713 a factor of 46651842?
True
Is 180371360 a multiple of 17?
True
Does 641 divide 2496695?
True
Does 9409 divide 939196971?
True
Does 100 divide 2221338014?
False
Is 2121 a factor of 996243918?
False
Does 13 divide 30232839?
True
Is 127 a factor of 61210444?
True
Is 108025680 a multiple of 5480?
False
Is 4207545452 a multiple of 40?
False
Is 228 a factor of 55114026?
False
Is 741 a factor of 27849744?
True
Does 600 divide 33776151?
False
Does 34 divide 7883974?
False
Is 19 a factor of 13765331?
False
Does 519 divide 54991061?
False
Does 7475 divide 1595054037?
False
Is 35 a factor of 54098133?
False
Does 201 divide 560259561?
True
Is 960 a factor of 1411745280?
True
Is 1126 a factor of 21070078?
False
Is 1516 a factor of 174496148?
True
Is 333164052 a multiple of 234?
True
Is 6 a factor of 129858672?
True
Is 593852807 a multiple of 29?
True
Is 2412176 a multiple of 8?
True
Is 34150563 a multiple of 478?
False
Does 120 divide 544130040?
True
Is 57670704 a multiple of 27?
True
Does 2778 divide 215256861?
False
Is 1958688711 a multiple of 833?
True
Does 65 divide 556753647?
False
Is 387284173 a multiple of 947?
True
Is 11 a factor of 49173465?
True
Is 2614 a factor of 165638650?
False
Is 16 a factor of 255819539?
False
Is 34 a factor of 5658724?
False
Does 303 divide 168299835?
True
Is 47107959 a multiple of 130?
False
Is 2337492793 a multiple of 101?
True
Does 196 divide 405595344?
True
Does 1522 divide 3635496382?
True
Is 207 a factor of 102245994?
True
Does 647 divide 17505879?
True
Is 201643765 a multiple of 296?
False
Is 183 a factor of 9010371?
True
Does 19 divide 45453475?
False
Does 55 divide 1974503?
False
Is 298513864 a multiple of 23?
False
Is 49761312 a multiple of 17?
True
Does 77 divide 341902946?
True
Does 17 divide 24428235?
True
Is 32165450 a multiple of 52?
False
Is 65277766 a multiple of 75?
False
Is 1380085160 a multiple of 34?
True
Is 407610757 a multiple of 53?
True
Is 104350615 a multiple of 3?
False
Is 14 a factor of 14485128?
True
Does 188 divide 8927694?
False
Is 15 a factor of 873809284?
False
Is 63785576 a multiple of 366?
False
Is 16669838 a multiple of 2?
True
Is 1346 a factor of 753473302?
True
Is 504013399 a multiple of 52?
False
Is 233 a factor of 1290223437?
False
Does 4 divide 68279692?
True
Is 32637538 a multiple of 18?
False
Is 60616263 a multiple of 194?
False
Does 9 divide 49267775?
False
Is 406034115 a multiple of 8470?
False
Does 169 divide 10719839?
True
Is 1876 a factor of 254957635?
False
Is 14 a factor of 17604976?
False
Is 1643 a factor of 92929832?
False
Does 2776 divide 1638395200?
True
Does 314 divide 6113978466?
True
Is 763 a factor of 23591197?
True
Is 58151864 a multiple of 8?
True
Is 2376399 a multiple of 9?
False
Is 90 a factor of 85294080?
True
Is 865 a factor of 96061710?
True
Is 51985713 a multiple of 1027?
True
Is 55 a factor of 858206876?
False
Does 1919 divide 132456219?
False
Is 81 a factor of 6901885323?
False
Is 372568005 a multiple of 265?
True
Is 26 a factor of 532130976?
True
Is 15 a factor of 726553965?
True
Is 4 a factor of 158812?
True
Is 38813550 a multiple of 93?
True
Is 303416188 a multiple of 231?
False
Is 45617050 a multiple of 50?
True
Does 125 divide 643674625?
True
Is 60386151 a multiple of 12?
False
Is 10 a factor of 573617975?
False
Is 30607535 a multiple of 1195?
True
Is 229172668 a multiple of 1708?
False
Is 456689278 a multiple of 1357?
False
Is 2430 a factor of 10667700?
True
Does 410 divide 9006827?
False
Is 4984204114 a multiple of 39?
False
Does 4409 divide 528065930?
True
Does 46 divide 703362098?
False
Does 1083 divide 109388415?
True
Does 15 divide 43859445?
True
Is 58 a factor of 890358522?
True
Is 215848864 a multiple of 476?
True
Does 355 divide 1988323405?
True
Is 36495630 a multiple of 1305?
True
Is 3 a factor of 43957662?
True
Does 137 divide 99045596?
False
Does 19 divide 1644653859?
False
Does 28 divide 8826020?
True
Is 336 a factor of 1114039248?
True
Is 34747846 a multiple of 58?
False
Is 10533738 a multiple of 53?
False
Does 218 divide 2055122357?
False
Is 1379 a factor of 74803003?
False
Is 14 a factor of 49911274?
True
Is 111 a factor of 5979237?
True
Is 142457474 a multiple of 11?
False
Is 367 a fa